{"id":7980,"date":"2024-02-19T12:06:29","date_gmt":"2024-02-19T11:06:29","guid":{"rendered":"https:\/\/fibral.es\/?page_id=7980"},"modified":"2024-02-19T12:06:29","modified_gmt":"2024-02-19T11:06:29","slug":"politica-de-cookies-ue","status":"publish","type":"page","link":"https:\/\/fibral.es\/?page_id=7980","title":{"rendered":"Pol\u00edtica de cookies (UE)"},"content":{"rendered":"La regi\u00f3n EU no est\u00e1 activada para cookie-statement.\n","protected":false},"excerpt":{"rendered":"","protected":false},"author":1,"featured_media":0,"parent":0,"menu_order":0,"comment_status":"closed","ping_status":"closed","template":"","meta":{"footnotes":""},"class_list":["post-7980","page","type-page","status-publish","hentry"],"_links":{"self":[{"href":"https:\/\/fibral.es\/index.php?rest_route=\/wp\/v2\/pages\/7980","targetHints":{"allow":["GET"]}}],"collection":[{"href":"https:\/\/fibral.es\/index.php?rest_route=\/wp\/v2\/pages"}],"about":[{"href":"https:\/\/fibral.es\/index.php?rest_route=\/wp\/v2\/types\/page"}],"author":[{"embeddable":true,"href":"https:\/\/fibral.es\/index.php?rest_route=\/wp\/v2\/users\/1"}],"replies":[{"embeddable":true,"href":"https:\/\/fibral.es\/index.php?rest_route=%2Fwp%2Fv2%2Fcomments&post=7980"}],"version-history":[{"count":0,"href":"https:\/\/fibral.es\/index.php?rest_route=\/wp\/v2\/pages\/7980\/revisions"}],"wp:attachment":[{"href":"https:\/\/fibral.es\/index.php?rest_route=%2Fwp%2Fv2%2Fmedia&parent=7980"}],"curies":[{"name":"wp","href":"https:\/\/api.w.org\/{rel}","templated":true}]}}